. Give l(s).
-4
Let l(k) = -4*k**2 + k + 3. Let q(m) = 9*m**2 - 2*m - 7. Let s(t) = 7*l(t) + 3*q(t). Let j = 1188 - 834. Let x = 357 - j. What is s(x)?
-6
Let s(d) = 2*d**2 + 47*d - 181. Let w(n) = -3*n**2 - 69*n + 269. Let i(m) = -13*s(m) - 9*w(m). Calculate i(-15).
7
Let v = -40 - -129. Let b(z) = 89 - 3*z - v + 4*z. Let l(x) = 4*x**2 - x. Let h(j) = b(j) + l(j). Calculate h(-1).
4
Let d(k) be the third derivative of -k**4/6 + 16*k**3 - 351*k**2 + 16*k. Give d(24).
0
Let q(a) = -13*a + 13. Let n(u) = -2*u**2 + 106*u - 562. Let o be n(6). Determine q(o).
-13
Suppose 20*x = 17*x + 54. Let r(s) = -x*s + 2*s + 10*s + 1 + 8*s. Calculate r(1).
3
Let o(c) = -5*c - 108. Let z = -19669 - -19647. Calculate o(z).
2
Let a(q) = 51 - 71 + 45 + 10*q. What is a(-8)?
-55
Let x = -7 - -4. Let m(z) = 126961*z + 126963*z + 126971*z - 2 - 380900*z. Determine m(x).
13
Let q = 205 - 214. Let f(h) = h + 3*h - 2*h - 7 - 3*h. What is f(q)?
2
Suppose -4*l = -3*g + 5*g + 30, 3*l + 5*g + 40 = 0. Let c(v) be the second derivative of 1/12*v**4 + 15*v - 2*v**2 + 2/3*v**3 + 0. Give c(l).
1
Let w(x) be the second derivative of -x**5/20 - x**4/4 - x**3/3 + x**2/2 + 10*x. Let q be w(-2). Suppose -f = 1 + q. Let n(h) = 6*h + 3. Calculate n(f).
-9
Let g be 700/(-3850) + -2 + 114/22. Let v(n) = -12*n + 2. Determine v(g).
-34
Let k(z) = -z**2 - z - 6. Let m = 7369 - 7366. Determine k(m).
-18
Suppose -20*s = -12*s + 2560. Let r be ((-64)/s)/((-2)/(-10)). Let a(t) be the first derivative of -3*t**3 + t**2/2 + 1. Calculate a(r).
-8
Let d(m) = -2*m - 35. Let q be d(-20). Let j be (2/(-5))/(1/q). Let a(c) be the first derivative of -c**4/4 - 2*c**3 - c**2 + 2*c + 14. What is a(j)?
-10
Let j(t) = -5*t - 233 + t**3 + 5*t**2 + t + 231. Suppose -23 - 79 = -3*x. Suppose 14*f = -36 - x. What is j(f)?
18
Let r be (-159*2)/(-2) + -3. Suppose -10*m - 46 + r = 0. Let l(u) = u - 14. Give l(m).
-3
Suppose 19*d - 78 - 74 = 0. Let t(s) = 7*s + 9*s + d*s + 10 - 23*s. Calculate t(-5).
5
Let i be ((-3)/9)/1*(-1 + -14). Suppose -2*h + 112 = i*h. Suppose 0 = 5*t + 2*a - h + 5, a = 5*t - 2. Let p(y) = 2*y**3 - y**2 - y + 1. Give p(t).
1
Let a(l) be the second derivative of l**4/12 + l**3/2 - 5*l**2/2 + 1061*l - 2. Suppose 2*g = -5 - 1. Let t = -8 - g. Determine a(t).
5
Let n be 2/3*(-45)/(-6). Suppose -2*u = -5*y + n, 2*y - 2 = u - 1. Suppose -3*s + 2*a = 17, -y*s + a - 16 = s. Let d(x) = -x - 4. What is d(s)?
-1
Let a(f) = 66*f + 65*f - 9 - 133*f. Let l(y) = y**3 - 8. Suppose 0 = 2*o - 4*t + 4, 2*o + 2 = -t + 3. Let u be l(o). Give a(u).
7
Let t(c) = c**2 + 2. Suppose -4*v + q = -479, -2*q = 3*v - 4*q - 358. Let s = v + -124. Determine t(s).
18
Let n(p) = 2*p + 5. Let t(f) = f**2 + 16*f + 34. Let o be t(-15). Let k be (-18)/9 + o*-1. Let h be (7/k)/((-1 + 0)/(-15)). What is n(h)?
-5
Suppose -20*i = 811 - 671. Let x(v) = 2*v**2 + 6*v + 17. Determine x(i).
73
Let q(v) = v**3 - 5*v**2 - 13*v - 3. Let h be q(-2). Let n(o) be the second derivative of o**3/3 + 3*o**2/2 + 2*o. Give n(h).
-7
Let z = -6 + 2. Let a(g) = 5*g**3 - g**2 + 3. Let p be a(2). Let t(d) = 21 - p - d**2 - 4*d + 17. What is t(z)?
-1
Let w = -24 - -25. Let z(k) be the third derivative of -k**6/10 + k**3/6 - 1685*k**2 - 1. Calculate z(w).
-11
Let m(z) = 782 - 2404 - 24*z + 788 - 2*z**2 + 790. Calculate m(-8).
20
Let y(r) be the second derivative of r**4/12 - 4*r**3/3 + 17*r**2/2 - 2*r - 710. What is y(7)?
10
Let d(m) = 2*m - 8609*m**2 - 13*m**3 - 8607*m**2 + 1 + 17217*m**2. Let y be -10*2*1/4. Let n(a) = -a**3 - 6*a**2 - 6*a - 6. Let r be n(y). Calculate d(r).
13
Suppose 4 = -2*n + 5*v, -6*v - 14 = -4*n - 7*v. Let i(d) = 152 - 151 + 4*d - n*d - d**3. Calculate i(2).
-5
Suppose -s - 2*a - 18 = -17, 2*a = -4*s + 32. Let w(u) = u**2 - 10*u. What is w(s)?
11
Suppose -47*m + 42*m + 28 = 2*d, -m - d + 8 = 0. Let h(p) be the third derivative of 0*p - 20*p**2 + 1/8*p**m + 0 + p**3. What is h(-4)?
-6
Let d(o) = -o**3 - 6*o**2 - 6*o - 2. Suppose t + 2 + 10 = x, 0 = -t - 3*x. Let f be (-3)/t*12 + -1 + -8. What is d(f)?
3
Let f(n) be the first derivative of -20*n**3/3 - n**2/2 - n + 1552. Calculate f(-1).
-20
Suppose -437*l - 214*l - 1430 = 14845. Let i(p) = -p - 44. Give i(l).
-19
Let d(v) = 4*v**2 - 72*v + 320. Let r(k) = k**2 - 22*k + 105. Let l(i) = -2*d(i) + 7*r(i). Give l(-16).
-1
Let i(j) be the third derivative of 5*j**4/24 + 23*j**3/6 - 107*j**2 - 48. Calculate i(21).
128
Let c be 1 + (-3 - -2) + 2. Let u(g) = -531 - 2*g + 264 + 263. Determine u(c).
-8
Let c(j) = j**2 + 16*j - 164. Let n be (2 + (-10)/6)*(27 - (-126)/(-21)). What is c(n)?
-3
Let s(v) be the first derivative of -3/2*v**2 + v - 39. What is s(1)?
-2
Suppose 17 = -6*v + 47. Let h(p) = 36*p**2 - 3*p - 25*p**2 - 10*p**2 + 4. Determine h(v).
14
Suppose 4*f - 6 - 10 = 0. Suppose 4 = f*q, 3*u = -0*u - q + 34. Let d(c) = -c**2 + 11*c + 8. Determine d(u).
8
Let k(h) = -h**3 + 6*h**2 - h - 11. Let n be k(8). Suppose 45*p - 3091 - 3209 = 0. Let z = n + p. Let x(u) = u**3 + 6*u**2 - 7*u + 5. What is x(z)?
5
Let u(g) = 54 - 145 - 7*g + 52 + 9*g. What is u(14)?
-11
Let i = 1232/9 - 6157/45. Let x(c) be the third derivative of 5*c**2 - 1/24*c**4 - i*c**5 + 0*c + 1/120*c**6 + 1/6*c**3 + 0. What is x(3)?
-11
Let j be (-170)/20 + (-140)/(-40). Let a(v) = -v**3 - 4*v**2 + 10*v + 16. What is a(j)?
-9
Let n be (-14)/(-49) + (-145)/(-203). Let t(l) = -39*l - 2. Let d(x) = 77*x + 3. Let w(i) = 3*d(i) + 5*t(i). Give w(n).
35
Let x(d) = 7*d**2 + 2*d - 10. Let f be ((220/(-33))/(-10))/(5 + 258/(-54)). Give x(f).
59
Let g(c) = -c - 1. Let d(i) = -i**3 - 16*i**2 + 18*i - 7. Let p be d(-17). Suppose 2*a - o + 28 = -7, 0 = 3*a + 3*o + 75. Let s = p - a. What is g(s)?
3
Let h(t) be the first derivative of t**4/4 - t**3 - 11*t**2/2 - 2*t - 1501. What is h(6)?
40
Let k(d) = 2*d**3 + 11*d**2 + 4*d - 8. Suppose 51 + 24 = -15*m. Let n be k(m). Let b(f) = f**3 + 4*f**2 + f + 1. Determine b(n).
7
Let g(v) = -8*v + 9. Let b(p) = 2*p - 23. Let z be b(16). Let r(i) = -8*i + 0*i + z*i. Let w(k) = -g(k) - 6*r(k). Give w(6).
3
Let c = 20959 - 20959. Let x(m) be the third derivative of -1/12*m**4 + 0*m + c - 1/3*m**3 + 37*m**2. Give x(2).
-6
Let w(o) = -o**2 + 2. Suppose 0 = 4*f - 2*f + 8, 3*u + f = 14. Let g be -7 - (66/(-12) + 9/u). Give w(g).
-7
Suppose 2*i + 5*d - 52 = 0, -i + 0*d = 2*d - 25. Let y(n) = -n**2 - 13 - n**3 + i*n - 22*n + 0*n**2. Give y(0).
-13
Suppose -39*x - 14 = -443. Suppose -5*p = -3*y + x, -1 = -p + 5*y + 10. Let g(a) = 2*a**2 + 6*a + 3. Determine g(p).
11
Suppose -u = 5*b + 19, 3024*u - 17 = 3019*u + 3*b. Let z(j) = -6*j + 3 - 6 + 2. Give z(u).
-7
Let m(r) be the second derivative of r**8/6720 - r**7/360 + r**6/360 + r**5/120 + 14*r**4/3 + 33*r - 1. Let k(y) be the third derivative of m(y). Give k(7).
15
Suppose 4*t - 288 = 2*l, 4*t + 446 = -3*l - 16. Let h = 157 + l. Let b(d) = 5*d - 9. Determine b(h).
26
Let v(s) = -14*s**2 + 60*s**2 + s**2 - 6*s + 30 - 23*s**2 + 5*s - s**3. Calculate v(24).
6
Let l(o) be the second derivative of -3*o**3 + 202*o**2 + 4996*o. Give l(22).
8
Let r(t) = 4*t**3 - 25*t**2 + 357 - 8*t**3 - 8*t - 653 + 286. Calculate r(-6).
2
Let z(j) be the first derivative of -11/2*j**4 + 0*j - 15 + 0*j**3 - 1/2*j**2. What is z(1)?
-23
Let t(g) = -g + 17. Let f be t(15). Let q(n) = 10*n - 15 + 17 + f*n**2 - 3*n**2 - 12. Suppose 3*b - 2*r - 21 = 0, 6 = 2*b - 3*b + 5*r. Determine q(b).
-1
Let c(f) be the third derivative of 0 + 7/24*f**4 + 1/6*f**3 + 0*f - 17*f**2. Suppose -4 = -0*p + 4*p. Calculate c(p).
-6
Let j(h) = -h**2 - h + 22. Let n be 44/(-33) - (-22*1/(-6) - 0). Give j(n).
2
Let p be (3/(-14))/((-1530)/119). Let f(j) be the third derivative of 0 + 0*j + p*j**5 + 1/24*j**4 - 4/3*j**3 - 5*j**2. What is f(-6)?
22
Suppose -k + 0*f + 43 = 2*f, f + 46 = k. Suppose 0 = 8*d - k - 43. Suppose 0 = d*j + 52 - 8. Let s(c) = c**2 + 4*c - 3. Calculate s(j).
-3
Let x(t) = -t**2 - 7*t + 5. Suppose b = -5*z - 10, 0*z + 24 = z - 5*b. Let w be (-22)/2 + 2 - z. What is x(w)?
-3
Let t(i) = 2*i**2 + 28*i + 5. Let v = -38 + 24. Let p be t(v). Let f be -3 - 3 - (-5)/p. Let z(a) = -a**3 - 5*a**2 - 2*a - 4. Determine z(f).
6
Let k = 16079 + -16077. Let q(u) = -2*u**3 + 5*u**2 + 19*u - 48. Determine q(k).
-6
Let z(y) = 3*y**3 - 3*y**2 + 4. Let d = -20594 + 20592. Give z(d).
-32
Suppose -4 = -25*z + 23